4 + (-3)/(y/(-3)) composite?
False
Suppose -5*a + 4*q + 1434615 = 0, 3*q - 573869 = -181*a + 179*a. Is a a composite number?
False
Suppose -4*o - 3*a = o + 59580, a + 5 = 0. Is o/(-3) - (4 + 4 + -4) a prime number?
True
Is (-24)/15 - 4351075/(-125) a prime number?
True
Suppose 6*b = 5*b - 3*a + 24188, 5*b + 4*a - 120951 = 0. Is b composite?
True
Let f(t) be the first derivative of 84*t**3 + 13*t**2/2 + 8*t - 22. Is f(-5) prime?
False
Let o(a) = 8*a + 6. Let y be o(-2). Let b = 14 + y. Suppose g = 1, -g + b*g = -5*n + 3118. Is n prime?
False
Let c(i) = i + 1. Let a(d) = -25*d + 36. Let m(o) = a(o) - 4*c(o). Suppose 891 = -117*b + 18*b. Is m(b) a prime number?
True
Suppose -566139 - 96558 = -21*j. Suppose j = 18*s - 164697. Is s prime?
True
Suppose h + o + 2 + 9 = 0, -3*o - 15 = 0. Is 6/(-4)*628/h a composite number?
False
Suppose 2*u + 121111 = 5*q, 161*u - 162*u = -5*q + 121113. Is q a composite number?
False
Let z be (-1 - -7)*(-800)/12. Let d = z - 49. Let j = d - -1126. Is j a prime number?
True
Suppose 0 = 4*h - 20, 8045 = k - 4*h - 3809. Suppose -5391 = -5*r + k. Is r composite?
True
Suppose 117 = 10*y + 327. Let o(w) = -2*w**3 - 23*w**2 - 4*w - 44. Is o(y) composite?
False
Let p be (39294 + -1)*(-106)/(-53). Is p/14 - (-12)/(-42) composite?
True
Suppose 6*o = 72 + 10818. Suppose 2*w - 2*s = 1374, -2*s = 3*w - 221 - o. Suppose r + 5*d = 429, r = -d + w - 261. Is r composite?
False
Suppose 0 = -0*r - 4*r + 4764. Let z be -5 - -9 - (-1 + (0 - -1)). Suppose j + j = -l + 309, -j = -z*l + r. Is l composite?
True
Let l(s) = -10*s**3 - 7*s**2 - 41*s - 117. Let v be l(-4). Suppose 11 + 16 = 3*i. Suppose -i*d + v = -4*d. Is d composite?
True
Suppose -4*y = -6*z + 7*z - 2396816, 2*z = -y + 599190. Is y a composite number?
True
Suppose 6*a - 110583 = 312423. Is a a composite number?
False
Let w(t) = 931*t + 1929. Is w(68) composite?
True
Let r = 61 + -59. Let n be (-3698*3/24)/(r/(-8)). Suppose 0 = -2*t - 4*g + 1554, -5*t - 4*g = -2066 - n. Is t a composite number?
False
Let t(o) = -13*o + 42. Let g be t(4). Is ((-4)/g)/(2/3050*5) a prime number?
False
Is (9 - 42)*(-2211569)/87 prime?
False
Let o = 24 + 3. Let w(z) = o - z**3 + 4 - 18*z**2 + 12*z + 6 + 2*z**3. Is w(18) prime?
False
Let v(h) = 10*h - 2*h**3 - 21 - 5*h**2 - h**2 - 4*h + 4*h**3. Let f be v(9). Suppose 4*y + y = f. Is y a composite number?
True
Let t = -1390146 + 2360899. Is t prime?
False
Let g(q) = -q**2 - 11*q - 1. Let v(r) = -r**2 - 21*r + 20. Let s(k) = -3*g(k) + v(k). Suppose 2*b - 4*y = 5*b + 36, 5*b = 4*y - 28. Is s(b) a composite number?
True
Let z = -23556 + 38725. Suppose 3*k + 2*u - 24185 = 0, -3*u + 961 = 2*k - z. Is k prime?
True
Suppose 3*h - 81*x + 77*x = 164267, 0 = 3*h - 3*x - 164262. Is h a composite number?
True
Let l = -34694 + 52423. Is l a prime number?
True
Let k(m) = -72*m**2 - 11*m - 1. Let z(i) = i**3 + 5*i**2 + 4*i - 1. Let q be z(-3). Let v be k(q). Let g = v - -3495. Is g a prime number?
False
Let i(r) = -r**2 + 19*r - 40. Let q be i(16). Suppose q*a = 15*a - 11473. Is a composite?
True
Let r(h) = 11646*h**2 + 100*h + 313. Is r(-3) prime?
True
Suppose h - 536186 = -v, -753880 - 854699 = -3*v + 4*h. Is v a composite number?
False
Let c(l) = 188*l**2 + 59*l + 292. Is c(-7) composite?
False
Let f = -331 + 335. Suppose 0 = 4*j - 16, s - 4*s + f*j = -21569. Is s composite?
True
Suppose -141*p + 5*p + 21415811 + 10231661 = 0. Is p composite?
True
Let w = 344 - 344. Suppose w = 4*c + 9*v - 4*v - 14744, 3*c - 11085 = 3*v. Is c a prime number?
True
Let i(b) = 42790*b + 12557. Is i(18) composite?
False
Let v(i) = 94*i + 7981. Is v(64) composite?
False
Suppose 3*f + 10 - 1 = 3*k, k + 2*f = 0. Let b be (-1)/((k/(-8))/1). Suppose 5*q = b*t - 9142, 2*t + t - 4*q - 6857 = 0. Is t a composite number?
True
Let p(y) = -889*y + 33. Let v be p(-7). Suppose -13*q = -29*q + v. Is q a composite number?
True
Let g(c) be the third derivative of c**5/15 + 7*c**4/4 + 25*c**3/6 - 11*c**2 - 1. Is g(-26) a prime number?
True
Suppose 1638531 = 49*c - 46*c + 2*l, 0 = -5*c - l + 2730871. Is c composite?
False
Is -11*(2 + -69954) - -19*54/(-342) a composite number?
False
Let w(b) = 3369*b**2 + 125*b + 75. Is w(-8) composite?
False
Let h be (2 + (-20)/15)*3. Is (-23)/46 + 603/h composite?
True
Let l be (1/(1/112))/((-60)/(-7110)). Suppose -5*w = -4*q + l, 20*w - 13260 = -4*q + 22*w. Is q composite?
False
Let d = -155581 + 239610. Is d composite?
True
Suppose 3*m - 88302 = -2*s, 21*m - 19*m - 2*s - 58868 = 0. Is m prime?
False
Let w = 243034 - 153185. Is w prime?
True
Let d(a) = -a**2 - 14*a - 10. Let s be d(-12). Let y(z) = -z**3 + 15*z**2 - 14*z - 31. Let o be y(s). Is (-2)/((-29)/o - 1) composite?
False
Let r be -4*1*(-53955)/(-180). Let b = 1192 - r. Is b a prime number?
False
Is 286923 + (19 - 63/3) prime?
False
Let v(p) = -10*p - 46. Let h be v(-5). Suppose -n = 3*l - 5*n - 5890, -5*l + h*n + 9822 = 0. Is l composite?
True
Suppose 3*o - s - 3*s + 26 = 0, -5*o = -2*s + 34. Let a(v) = -3005*v - 69. Is a(o) prime?
False
Let n be (-207 - -35)*(-57)/2. Suppose j - 1672 = -f - 36, -n = -3*j - f. Is j a composite number?
True
Suppose 5 = 29*u - 28*u. Suppose -u*z = -8*z + 300. Suppose -2*h + 4*a + 98 = 0, -a - 2*a = -2*h + z. Is h a composite number?
False
Let r = 19 + 87. Let j = -91 + r. Let z(t) = 6*t**2 - 20*t - 11. Is z(j) a prime number?
True
Suppose -23985 = 6*h + 3*h. Let v = -6407 - h. Is (-84)/(-56) + (-1)/4*v composite?
False
Let r = -175 - -175. Suppose -7*l + 5026 + 3675 = r. Is l a prime number?
False
Suppose -2*d - d = -p + 9, d = 3*p - 11. Suppose -p*v + 7*v - 73086 = -2*b, 2*v = -2*b + 36548. Is v composite?
False
Let r(a) = -a**3 - 3*a**2 - 3. Let f be r(-3). Let x(q) be the second derivative of 7*q**4/2 + q**3/2 + 2*q**2 + 2*q. Is x(f) a prime number?
True
Let y = -353759 + 824896. Is y a composite number?
False
Suppose -k + 6 = 2*k, 5*q - 570 = -5*k. Is 2/(-7) - (-202864)/q composite?
False
Let q be (-1 + (6 + 0 - 0))*149. Suppose -180 - 708 = 2*r. Let n = q + r. Is n prime?
False
Let l = 135 + -132. Suppose -5*p = l*j - 13037, 5*j - 13045 = 5*p - 10*p. Is p composite?
True
Let g = 0 + -3. Is (979/33)/(0 - g/63) prime?
False
Is ((-81722)/8)/(-2 + (-14)/(-8)) a prime number?
False
Let s(l) = -l**3 + 8*l**2 - 2*l + 18. Let q be s(8). Suppose y = -q*y - 744. Let v = y + 417. Is v prime?
False
Let m(g) = 6273*g**2 - 111*g - 526. Is m(-5) prime?
False
Suppose 560751 = -12*a + 2887995. Is a prime?
True
Let o(c) = -179*c - 6. Let g(v) = 178*v + 5. Let k(l) = 2*g(l) + 3*o(l). Let p(i) = -723*i - 32. Let u(d) = 9*k(d) - 2*p(d). Is u(-5) a composite number?
False
Is -79 + 75 + (-14)/(-2) - -241460 a prime number?
True
Suppose 10*p = -9*p + 9*p. Is 1402 - p - (-90)/(-30) composite?
False
Let w(j) = 2*j - 17. Let o be w(7). Let v be 1436 - (-2)/(o + 1). Suppose -6*z = -z - v. Is z prime?
False
Let t = -8 - 3. Let z(l) be the first derivative of 10*l**3/3 + l - 62. Is z(t) a prime number?
False
Let r(u) = -1564*u**3 - u**2 + 2*u. Suppose -4*w = 2*a + 2, 3*a + a - 3 = -w. Let o be r(a). Is o*((-28)/12)/7 a composite number?
False
Let s(c) = 27*c + 8. Let i be s(4). Suppose 119*l - 1257 = i*l. Is l a prime number?
True
Suppose 0 = 3*s - 15, 3*s = 2*n - 425871 - 402836. Is n a prime number?
True
Suppose 15*x + 40 = 10*x. Let n be 9666 + (x/(-28) - 9/7). Suppose -4*q + 5813 = 3*f, f + 4*f - n = -2*q. Is f composite?
False
Let v(m) = 80*m**2 + 3*m - 57. Let a(j) = 240*j**2 + 8*j - 173. Let b(q) = 6*a(q) - 17*v(q). Is b(10) prime?
True
Let n = -7553 - -18815. Is (5 - n/1)/(-1) composite?
False
Suppose 3*b = 2*q - 23732, -3*q + 0*q + 5*b + 35599 = 0. Suppose p = 4*p + 3, w - 2*p - q = 0. Is w composite?
True
Let x(y) = 5803*y - 83. Let n(p) = -5803*p + 83. Let s(m) = 3*n(m) + 4*x(m). Is s(3) composite?
True
Let s be (8 + (-1)/((-3)/(-12)))*-409. Let w = 6081 + s. Suppose -i + 1316 = -4*d + 4872, -5*d = 4*i - w. Is d a prime number?
False
Suppose 3*o - a = 5282, -4*o - 2507 = 3*a - 9554. Is (-1 + o*(-33)/(-72))*8 composite?
False
Let q(l) = -l**3 + 38*l**2 + 25*l + 43. Let g(c) = -41*c + 55. Let b be g(2). Is q(b) a prime number?
False
Let i(p) = p**2 + 29*p + 214. Let v be i(-15). Suppose 0 = v*n + 5*b + 674 - 3252, 3*n + 4*b - 1933 = 0. Is n prime?
True
Let z = -93660 - -165789. Is z a p